 9 + -1. Suppose 2*z = 2 + q. Suppose 19 - 79 = -z*y. What is the units digit of y?
2
What is the units digit of (1323 + -1)/(6/(-42)*-14)?
1
Suppose 0 = j + 4*a - 7, 0 = j - a + 3*a + 3. Let z = j + 6. Let t(p) = p**2 + 3*p + 5. What is the tens digit of t(z)?
3
Suppose 4*d = 3*u + 2*d - 4, -u + 2*d - 4 = 0. Suppose 0*k - 3*k + 15 = 0. Suppose -k*o + 5 = 0, u*f + 5*o - 13 = -0*f. What is the units digit of f?
2
Let d = -17 - -17. Suppose 0*b + b - 68 = d. What is the units digit of b?
8
Suppose 2*r - 3*r - 4 = 0. What is the tens digit of 2/r - (-98)/4?
2
Let f(y) = y**3 + 7*y**2 + 6*y + 4. Let h be f(-6). Suppose 164 = 4*d + 4*s, -2*s = h*d + d - 205. What is the tens digit of d?
4
Suppose -3374 = -16*m + 8562. What is the units digit of m?
6
What is the thousands digit of -3*(-65)/(-15) - -2263?
2
Let a(r) = 13*r**3 + r**2 - 9*r - 10. What is the hundreds digit of a(3)?
3
Suppose 2*z - 2*i - 3*i - 23 = 0, 24 = 3*z + 3*i. Suppose z*h = 216 + 324. What is the tens digit of h?
6
Let p be 51 - 0/(0 - -3). Suppose p = 5*t - 269. What is the units digit of t?
4
Let t(m) = 160*m - 735. What is the thousands digit of t(14)?
1
Let u = 5 - -2. Suppose 12 = 5*b + s, -u = -2*b - 3*s + 3. Suppose 130 = -0*y + b*y. What is the tens digit of y?
6
Suppose 0 = 12*h + 2*h - 98. What is the units digit of 127 + (1 - (h + -5))?
6
Suppose 5*y = -3*a + 8*y - 51, -a = -4*y + 20. Suppose 86 + 10 = -4*v. What is the units digit of (a/v)/((-4)/(-366))?
1
Let m = 730 - 375. What is the units digit of m?
5
Let j be (-17)/(1 + (-36)/32). Suppose 347 = 5*x - 4*a, -2*x - 5*a + j = 17. What is the units digit of x?
7
Let w = 552 - 306. What is the hundreds digit of w?
2
Let k(y) = -y + 5. Let j be k(1). Suppose 0*t + j*t + 3*x = 773, -4*x = 3*t - 578. What is the tens digit of t?
9
Let y be -2*((-108)/8)/3. Suppose -y = -5*d + 16. Suppose -4*c + 4*m + 32 = 0, 2*c - 2*m = d*c - 24. What is the units digit of c?
8
Let s = 1490 - 898. What is the tens digit of s?
9
Let l = 12 + -10. Suppose -f - x + 59 = 0, -5*f + 164 + 128 = l*x. Let d = f - 22. What is the tens digit of d?
3
Let l be -3 - (-182 - -2 - 4). Let x = -125 + l. Let b = x - 28. What is the tens digit of b?
2
Let r(c) = -2*c - 5. Let w be r(5). Suppose -3*p - g + 38 = 0, -2*g = 2*p + 2*g - 32. Let s = p - w. What is the tens digit of s?
2
Let b(y) = 18*y - 94. What is the hundreds digit of b(22)?
3
Suppose 18 = y - 5*m, 3*m + 4 + 5 = 0. Suppose -2*o - y*o + 170 = 0. What is the units digit of o?
4
Suppose -9 = -5*j + 2*j. Suppose -2*h = j*h - 35. Suppose 4*z = h*z - 3. What is the units digit of z?
1
Suppose 5*r + 31 = 2*f, -6*r + 4*r + 3*f = 8. Let k = r - -10. Suppose 127 = k*w + 28. What is the tens digit of w?
3
Suppose 4*n = 4*h + 840, -2*n - n = -4*h - 631. What is the tens digit of n?
0
What is the tens digit of ((-68070)/(-135)*-3)/((-2)/3)?
6
Suppose 4*w - 921 = 687. What is the tens digit of w?
0
Let j(i) = i**3 + 30*i**2 - 2*i - 1. What is the tens digit of j(-29)?
9
Let q = -25 + 23. Let y(i) = 78*i**2 - 2*i. Let z be y(q). Suppose -z + 81 = -5*f. What is the units digit of f?
7
Let o(u) = -2*u - 6. Let y be o(-8). Suppose -7*l - 177 = -y*l. What is the units digit of l?
9
Let n(g) = -6*g - 4. Let a be n(-2). Suppose 0 = 6*d - 4 - a. What is the units digit of d?
2
Suppose -1216 = -4*k - 2*x, -4*k = -6*x + 4*x - 1224. What is the tens digit of k?
0
Suppose 15*b - 10*b = 0. Suppose 0*c - 75 = -5*c + 4*q, -c + 4*q + 31 = b. What is the tens digit of c?
1
What is the units digit of (5359 - (-13 - 0)) + -9?
3
Let g(n) = n**3 + 8*n**2 - n - 4. Let z be g(-8). Let o(y) = -2*y**2 - z*y + 3*y**2 + y + 3*y**2 - 2. What is the units digit of o(-1)?
5
Suppose o + 2*t = -t - 4, 7 = -o - 4*t. Suppose 0 = -3*r - o + 32. Suppose m - r = 12. What is the tens digit of m?
2
Suppose -3*i - 5*l - 36 = -11, -20 = -4*i + 4*l. Suppose 142 = 4*y - 3*r, 5*y - r - 102 - 70 = i. What is the tens digit of y?
3
Let k = -30 + 35. Suppose -1 = -k*o + 14. Suppose 0 = -o*g - 2*g + 35. What is the units digit of g?
7
Let x(i) = -2 + 15*i + 0*i**2 + i**2 - 14*i. Let v be x(-4). What is the tens digit of 46/4 + (-15)/v?
1
Suppose -3*w = -3, 0 = -3*r - 2*w - 2*w + 1759. What is the units digit of r?
5
Let t(d) = -d**3 - 9*d**2 + 17*d + 7. Suppose -12 = -3*u - 45. What is the tens digit of t(u)?
6
Let z(l) = l**3 + 3*l**2 + l - 1. Let b be z(-2). Let m(h) = -4*h**2 - 3*h + 2. Let a(t) = t**2. Let i(n) = b*m(n) + 6*a(n). What is the units digit of i(2)?
4
Suppose 0 = -31*m + 36*m + 490. Let c = m - -228. What is the hundreds digit of c?
1
Let d(z) = -2*z + 87. Suppose 0 = 4*m - 0*m. Let o be d(m). Let u = o - 52. What is the units digit of u?
5
Suppose -x + 4760 = 3*j, -6*j + x + 4762 = -3*j. What is the tens digit of j?
8
Suppose 4*g - 10854 = -5*s, -4*g + 4332 = -2*s + 4*s. What is the units digit of s?
4
Suppose -3*r + d + 756 = -2*d, 0 = 5*r + 3*d - 1292. What is the hundreds digit of r?
2
Suppose -3*t - 10*i + 12*i + 2471 = 0, -5*i = 3*t - 2485. What is the tens digit of t?
2
Suppose -2*r + 66 = -5*r. Let h = -20 - r. Suppose t - 14 = -s, 0 = -s - 0 + h. What is the units digit of t?
2
Let y = -3108 + 4629. What is the units digit of y?
1
Suppose -i + 504 = 216. What is the hundreds digit of i?
2
Let s = 88 - -6. What is the tens digit of s?
9
Let g(p) = -p**2 + 3*p + 4. Let l be g(3). Let j(z) = l*z + 0*z**2 + z**2 - 7*z. What is the units digit of j(-3)?
8
Suppose -s - x + 165 = 0, -180 = -0*s - s + 2*x. What is the units digit of s?
0
Let n(p) = -7*p + 7. Let h be n(1). What is the tens digit of (3/12)/(h + (-2)/(-296))?
3
Let o = -228 + 514. What is the tens digit of o?
8
Let p = 335 + -533. Let h = 382 + p. What is the units digit of h?
4
Suppose -107*c + 63700 = -72*c. What is the units digit of c?
0
Suppose 5*s = 10*s - 190. Suppose -u - 10 + s = 0. What is the tens digit of u?
2
Suppose 0 = 6*g - 7*g + b + 316, -2*g = -4*b - 622. What is the hundreds digit of g?
3
Let n(c) = -c**3 - 5*c**2 - 4. Let d be n(-5). What is the units digit of d + 1/((-3)/(-129))?
9
Let h(n) = -9*n**3 - n**2 + 1. Let j be h(-2). Suppose -4*l + j = -59. What is the tens digit of l?
3
Suppose 18*s = 4101 + 1731. What is the tens digit of s?
2
Suppose 973*x = 975*x - 1024. What is the units digit of x?
2
Let x(y) = y**3 - y**2 - y - 1. Let m(j) = -4*j**3 - 4*j**2 + j - 7. Let g(a) = -m(a) - 3*x(a). Let d be g(-7). What is the units digit of (1 - -19)*(-2)/d?
0
Let n(f) = f**3 + 5*f**2 + f - 5. Let o be n(-4). What is the units digit of ((-3)/(-12) - o/(-4))*2?
4
Suppose o - 8 = -o. Suppose -3*q + 7 = 3*r + 2*q, -o*r - 3*q + 13 = 0. Suppose -b + 5*b - 147 = -d, -2*d = -r*b + 150. What is the tens digit of b?
3
What is the tens digit of (50 - 6)/(1/40)?
6
Suppose 23 - 35 = 3*l. Let v(d) = -d**3 - 6*d**2 - 10*d - 1. Let j be v(l). What is the tens digit of (1 - -2) + j + 17?
2
Let x be 4 - (-89 + (-4 - -5)). Suppose 0 = 2*j + 1 + 7, -3*j = -2*d + x. What is the units digit of d?
0
Suppose 4*y + 2*d = -666, 4*y + 408 + 253 = -3*d. Let x = y + 442. What is the hundreds digit of x?
2
Let b(n) = -3*n + n + 23 - n. Suppose 5*i - 5*c + 55 = 0, -3*i - 4*c + 34 = -6*i. What is the units digit of b(i)?
3
Suppose -4*q + 2 = y - 2, -5*q + 2 = 2*y. Let j(r) = -17*r. What is the units digit of j(y)?
8
Suppose 5*k - 8*k = 129. Let w be 8/28 + (-468)/21. Let i = w - k. What is the units digit of i?
1
Suppose v + 83 = 483. Suppose 0 = -3*d - 55 + v. What is the tens digit of d?
1
Let g(i) be the first derivative of 3*i**4/2 - 2*i**3/3 - 5*i**2/2 - 4*i - 38. What is the units digit of g(3)?
5
Let u(m) = 552*m**2 + 3*m. What is the tens digit of u(-1)?
4
Suppose 17*f + 1012 - 15955 = 0. What is the tens digit of f?
7
Let u(a) = -a - 9. Let n be u(-7). Let z be (-9)/(-3) - (n - -2). Suppose 5*t = -z*o + 91, 3*o + 92 = 4*t - o. What is the units digit of t?
0
Suppose -8*j = -1987 - 1565. What is the tens digit of j?
4
What is the hundreds digit of 4 + (-147653)/(-33) + (-4)/(-6)?
4
Suppose 5*y = -4*r + 1420, 2*r - 570 = -0*y - 2*y. What is the hundreds digit of y?
2
What is the units digit of 2211 + 42/((-60)/(-10))?
8
Suppose 20*w + 2*m + 1 = 19*w, 4*m = w - 29. What is the units digit of w?
9
Suppose -7*v + 6579 = 2*v. What is the hundreds digit of v?
7
Suppose 7 - 3 =